**2 - 5*y + 6. Let b(z) = m*n(z) - 5*u(z). Calculate b(1).
3
Suppose -6*p = 2*p - 56. Let i(o) = 7*o**3 - p - 6*o**3 + 11 - o**2. Give i(0).
4
Suppose -3*t = -5*k + 23, 13 = -2*t - 5*k + 6. Let m(r) = -r**2 - 5*r - 1. Let p(f) = -2*f**2 - 10*f - 2. Let o(h) = 7*m(h) - 4*p(h). What is o(t)?
7
Let f(g) = -g - 22. Suppose 1540 = -8*m + 1444. Calculate f(m).
-10
Let m = 32 - 29. Let o(i) = -m*i**2 + 1 + 2*i + 4*i**2 + 7 + 5*i. Calculate o(-6).
2
Let m(x) be the third derivative of x**4/24 - 17*x**3/6 - 126*x**2. Calculate m(15).
-2
Let h be ((-26)/(-4))/(8/16). Suppose -h*l = -8*l. Let a(b) be the third derivative of b**6/120 - b**5/60 + b**4/24 + b**3 - 2*b**2. Give a(l).
6
Let v(u) = -u**3 + u - 1. Let b(l) be the third derivative of -l**6/30 - l**5/60 + l**4/12 - l**3/3 - 9*l**2. Let o(d) = -b(d) + 2*v(d). What is o(1)?
3
Let s(x) be the first derivative of -1/6*x**3 - 1/2*x**2 + 2 + 1/24*x**4 + 0*x. Let c(z) be the second derivative of s(z). Calculate c(-5).
-6
Let i be (-1395)/(-153) + 11/(1122/(-12)). Let d(r) = -4*r + 12. Give d(i).
-24
Let y(j) = 3*j**3 + 3*j**2 - j**3 + j + 0*j**3. Suppose 0 = 32*x + 2*x + 68. Determine y(x).
-6
Let u = -7 - -3. Let m(o) be the second derivative of 1/6*o**3 - 9*o + o**2 + 0. Determine m(u).
-2
Suppose 0 = 8*t + 2 - 2. Let d(n) be the first derivative of t*n - 3/2*n**2 - 4. Give d(3).
-9
Let b(t) be the first derivative of -t**3/3 + 3*t**2 - 5*t + 1. Let n(r) = -3*r**2 + 6*r + 15. Let k be n(-3). Let p = 36 + k. What is b(p)?
-5
Let k(u) = -u**2 + u + 28. Let i = -537 - -537. What is k(i)?
28
Let w(f) = -f + 5. Let v be 106/10 - (-15)/(-25). Let o be w(v). Let g(s) = -s**3 - 4*s**2 + 5*s + 4. Calculate g(o).
4
Let y(m) = -m + 5. Let d = -14 - -20. Let k(p) = -p**2 + 10*p - 10. Let o be k(10). Let u = d + o. Calculate y(u).
9
Let t(j) = -20*j**2 + 26*j - 10. Let o(w) = 11*w**2 - 13*w + 5. Let c(d) = -11*o(d) - 6*t(d). Determine c(-14).
-9
Let s(r) be the first derivative of r**2 - 4*r + 50. Calculate s(-6).
-16
Let q(c) = 206 - 408 + c + 182. Determine q(18).
-2
Let x be (7 + -23)/(-3 + 1). Let o(u) = -u**3 + 7*u**2 + 8*u - 5. Let h be o(x). Let r(w) = -w**2 - 5*w + 7. What is r(h)?
7
Let m(s) be the second derivative of -s**5/20 - s**4/4 + s**3/2 + 3*s**2/2 + 8*s. Let a be m(-3). Let h(u) = -u**3 - 6*u**2 + 2*u - 5. What is h(a)?
-17
Let x(s) = -s**3 + 5*s**2 - 3*s - 4. Suppose -58*h + 75 = -33*h. Give x(h).
5
Suppose -5*w - 24 = 4*a, 4*w - 5*a = -4 - 7. Let g(o) be the second derivative of -1/20*o**5 + 0 - 1/4*o**4 + 3/2*o**2 - 5*o + o**3. Give g(w).
-5
Let k(v) = 7. Let g(t) = -t**2 + 6*t - 19. Let a(w) = -g(w) - 4*k(w). Determine a(7).
-2
Let i(d) = d**2 - d - 1. Let v be i(-2). Let n = 0 + v. Let t(r) be the second derivative of r**3/2 - 2*r - 5. Determine t(n).
15
Let a(v) be the third derivative of -v**6/120 + 7*v**5/60 + v**4/8 - 9*v**3/2 - 6*v**2 - 2. Let m be a(7). Let f(q) = q**3 + 7*q**2 + 5*q - 7. Determine f(m).
-1
Suppose 0 = h - 234*l + 236*l + 4, -4*l - 20 = 5*h. Let k(g) = 13*g + 2. Calculate k(h).
-50
Let n(q) = 4*q + 19. Let a(c) = 9*c + 35. Let f(s) = 2*a(s) - 5*n(s). What is f(-12)?
-1
Let d(i) = -5*i**3 - 8 + 6*i**3 + 4 - 7*i**2. Let p(r) = -r**3 + r**2 - 1. Let s(x) = d(x) + 2*p(x). What is s(-5)?
-6
Let m = -1 - -1. Let z be m + (0 - -4 - 0). Let t be -3*(-3 + -2 + z). Let u(x) = -x - 1. Give u(t).
-4
Let w(o) = o**2 - 2*o - 4. Let g be w(4). Suppose -v = p - 15, g*v + p - 16 = 29. Let n be (-182)/(-65) + 2/v. Let f(i) = -i. Give f(n).
-3
Suppose d + 0*d = 3. Let a(n) = 10*n + 4*n - 30*n + 1 + 4*n + 9*n. Calculate a(d).
-8
Let r(b) = 4*b + 21 + 6*b**2 - b**3 - 20 + 2*b**3. Let n = -19 + 14. What is r(n)?
6
Let q be (2 - 1) + -1 + 1. Let l be 10/(50/(-15)) + q*6. Let n(s) = 2*s**2 - 3*s + 2. What is n(l)?
11
Let b(u) = 2*u + 2. Let f be -1*(5 - (-3 - -10)). What is b(f)?
6
Let o be (-95)/(-35) + 4/14. Let p(w) = -51*w + 106*w + o*w**2 - 53*w. What is p(2)?
16
Suppose 2*p - m = 3, -2*m = -8*p + 3*p + 7. Let k(h) = -2 + p + 3*h + 2. Determine k(-2).
-5
Let m be (16/4 - 85/20)/((-6)/120). Let d(n) = -9*n**3 + n**2 + 17*n - 15. Let s(y) = -5*y**3 + 9*y - 8. Let x(k) = -4*d(k) + 7*s(k). Determine x(m).
4
Let z(f) = -f**3 - 7*f**2 - 3*f - 5. Let d(u) = 5*u + 109. Let r be d(-23). What is z(r)?
-23
Let y(x) = -x**2 + 4*x - 1. Suppose -2*q + 15 = f, 0 = -q + 2*f + 3 - 8. Give y(q).
-6
Suppose 6*b = 3*b + 3. Let z(m) = 0 + 0 - b + m. Let s = 9 - 3. Give z(s).
5
Let x(w) = w**2 + 5*w + 2. Let i be x(-4). Let r(h) = h**2 - 4. What is r(i)?
0
Let t be 24/60 - 36/(-10). Let u(c) be the third derivative of -c**4/12 + 5*c**3/6 + 14*c**2. Give u(t).
-3
Let g be 923/156 + 6*3/216. Let h(m) be the first derivative of 3/2*m**2 - 9 + g*m. Give h(-4).
-6
Let j be 2/(-9) - 456/(-108). Let v(x) be the third derivative of -1/2*x**3 - 1/60*x**5 + 0*x + 1/4*x**4 + 5*x**2 + 0. Calculate v(j).
5
Let y(o) be the second derivative of -5*o**3/6 + 5*o**2/2 - 49*o. Give y(-4).
25
Let k(b) = -3*b**2 + 5*b + 3. Let t(q) be the second derivative of -13*q**4/12 + 10*q**3/3 + 6*q**2 + 14*q. Let w(i) = -9*k(i) + 2*t(i). Give w(6).
3
Let x(y) = -y**3 + 7*y**2 - 7*y - 12. Let z be x(5). Let g(n) = -11 + 13*n**z - 7 + 17 - n + n**2. What is g(-1)?
-12
Suppose -9*d - 2 = -7*d. Let i(j) = -2 + 0*j + 6*j + 3 + 8*j. What is i(d)?
-13
Let v(z) be the third derivative of 1/120*z**6 + 0 - 5/6*z**3 + 1/4*z**4 + 0*z - 2*z**2 - 7/60*z**5. Suppose 6 = 4*d - 18. Calculate v(d).
-5
Let h(w) = 7*w**2 + w + 1. Let l = -136 + 135. Let z be h(l). Let n(k) be the first derivative of k**4/4 - 7*k**3/3 - k**2/2 + 9*k + 1. What is n(z)?
2
Let q(v) = v**2 - 7*v + 7. Let a(t) = t**2 - 11*t - 22. Let n be a(12). Let g be 4/n - 370/(-50). Give q(g).
7
Let o(l) = -2*l + 7. Let f be o(6). Let v(n) = -4137 - 2*n - 2*n**3 + 4131 + n**3 - 6*n**2 + 0*n. What is v(f)?
-21
Let f(b) = b**3 + 2*b**2 - 5*b - 8. Let t be f(-1). Let v(m) = 4*m**2 - 4. Calculate v(t).
12
Suppose 2*y - w - 40 = -210, 5*w = 2*y + 178. Let r be 6/(-14) + 4/(y/(-9)). Let f(c) = -c**2 - 5. Determine f(r).
-5
Let v(o) = o**3 + 10*o**2 + 2*o + 11. Let c(i) = -i - 23. Let r be c(-13). Calculate v(r).
-9
Let s be 4/(-18) - 436/(-18). Let d = -22 + s. Let o(x) = 9*x + x**3 - x**2 - 10*x - 3*x**d + 4. Give o(3).
-8
Let c(g) = 10*g - 24. Let d(u) be the first derivative of 3*u**2/2 - 8*u + 1. Let n = 413 - 415. Let x(f) = n*c(f) + 7*d(f). Determine x(0).
-8
Let a(o) = -10*o**2 - o. Let w = 342 + -343. Determine a(w).
-9
Let h be (7/(-4) + 1)/(1/12). Let l(x) = -2*x - 4. Calculate l(h).
14
Suppose -22*n - 74 + 316 = 0. Let o(c) = -8*c - n - 16 + 36 - 11. Calculate o(-3).
22
Let s(a) = -5*a**3 + a**2. Suppose -22*k = -17*k - 150. Let n = k - 28. Suppose n*v - 7*v = -5. What is s(v)?
-4
Let u(n) = -5*n + 59. Let d be 6/5*(8 + 2/1). What is u(d)?
-1
Suppose 89 = 6*l - 25. Let u = l - 17. Suppose r + 8 = 5*y - 9, 2*y = -4*r - u. Let m(a) = -a**3 - 2*a**2 - 2*a - 2. Calculate m(r).
2
Let g(i) = -3 + 5 - 3 + 2 + i. Determine g(-4).
-3
Let a(r) be the first derivative of -r**2 - 50 - 2*r - r**3 + 1/4*r**4. Suppose 1 = -l + 5. Calculate a(l).
6
Let f(m) = 29*m**2 + 3*m + 3. Let t be (-2)/(-1)*204/(-24). Let n(l) = 10*l**2 + l + 1. Let a(k) = t*n(k) + 6*f(k). Calculate a(-1).
4
Let d(h) = h**3 + 11*h**2 + 11*h + 1. Let w be ((-252)/315)/(4/50). Give d(w).
-9
Let z be 20/35*(1 + 6). Suppose 5*a - 9 = 3*o, 4*o = -z*a - o + 22. Let i(r) = r - r - a - r. Give i(-3).
0
Let v(w) = -w + 4*w**2 - w**2 - 4*w**2 + 1 + 0. Let c(s) = s**2 - 2*s - 2. Let d(k) = -c(k) - 2*v(k). Suppose 10*i - 2*i = -40. Give d(i).
5
Let n(k) = -6*k**3 + k**2 + 9*k - 1. Let q(l) = -l**3 + l**2 + l. Let d(j) = -n(j) + 5*q(j). Determine d(-5).
-4
Let s(q) = 33*q**2 + q + 1. Suppose 0 = -6*h + 4*h + 5*g + 3, 0 = -3*h - 5*g - 8. What is s(h)?
33
Let r(k) = -k**3 + 8*k**2 - 9*k + 8. Suppose -4*b = -3 + 7. Let t be 3/(b + 1 - -3)*7. Calculate r(t).
-6
Let s(p) be the third derivative of -p**6/120 - p**5/60 + p**4/24 + 3*p**3/2 + 3*p**2 - 2*p. Determine s(0).
9
Suppose -2*l + 1 = -c, -3*l - 2*c + 0*c + 5 = 0. Let u(i) = 4*i**2 - 2*i + 1. Determine u(l).
3
Let d(m) be the third derivative of -m**5/60 - m**4/2 + 2*m**3/3 + 8*m**2 - 1. What is d(-13)?
-9
Let t(m) = 2*m**2 - 5 - 3*m**2 - 5*m + 8. Suppose -9*n + 8*n = -2. Suppose 2 = -q - 